he units digit of (-298)/l + (23 - 26)?
6
Suppose 4466 = 6*j + 884. What is the units digit of j?
7
What is the hundreds digit of (-15)/(-1)*(-11)/(165/(-1605))?
6
Suppose -q + 3118 = -2*h + 4*h, 9354 = 3*q + 5*h. What is the units digit of q?
8
Let i(m) be the second derivative of m**6/360 + m**5/30 - 5*m**4/6 + 4*m**3/3 - m. Let u(x) be the second derivative of i(x). What is the units digit of u(-9)?
5
Suppose k + s = 1180, 6775 = 5*k - s + 899. What is the hundreds digit of k?
1
Let c(m) = -3*m - 48. Let u be c(-11). Let z = u - -43. What is the tens digit of z?
2
Let j = 62 - 74. Let p(o) = o**2 + o - 12. What is the units digit of p(j)?
0
Suppose 4*k - 42 = -2*v, -3*k - v + 7 = -22. Suppose 5*f + 216 = k*f. What is the units digit of f?
2
Let w be (-2*(-2)/(-5))/(6/900). What is the tens digit of (0 - -7)*w/(-28) + 0?
3
Suppose -696 = -5*p - 4*a + a, 0 = -p + 5*a + 156. What is the units digit of p?
1
Suppose -s - 2 = -a - 4, 4*a + 5*s = 37. Suppose r = -a*c + 85, 2*r - 13 = -c + 7. What is the tens digit of c?
3
Let w(u) = 11*u + 2. Suppose 2*m = -1 + 13. What is the tens digit of w(m)?
6
Let t = 13 - -6. Suppose 0 = 4*c - 16, -m - 4*m - c + t = 0. What is the units digit of (0 - m)*(0 + -1)?
3
Suppose -49 = -3*y - 49. Suppose -98 = -y*b - 2*b. What is the tens digit of b?
4
Suppose i - 2*i - 24 = 3*f, 5*i = -2*f - 16. Let b = 4 + f. What is the units digit of 6 + (-7)/(14/b)?
8
Let m(h) = -h**3 + 12*h**2 + 8*h - 17. What is the hundreds digit of m(11)?
1
Let l = -29 - -34. Suppose -9 = -7*a + l. What is the units digit of 75 + (32/a)/(-4)?
1
Let y = 712 - 480. Suppose 0 = -4*n + 4*c + y, -2*n + 4*n - 4*c = 114. What is the tens digit of n?
5
Let b(t) = t**2 - 7*t + 1. Let v(h) = -h**3 - 7*h**2 - 7*h + 5. Let z be v(-6). What is the tens digit of b(z)?
4
Let r = -569 - -1048. What is the tens digit of r?
7
Let f(d) = -d**3 + 9*d**2 - 3*d - 3. What is the tens digit of f(8)?
3
Let s(y) = -y**2 + 2*y - 2. Let j be s(4). Suppose 2*k + 30 = 7*k. What is the units digit of k/j + 43/5?
8
What is the units digit of ((-872)/(-24) - 10)/(2/6)?
9
Suppose 1967 = 5*w + 2*w. What is the tens digit of w?
8
Suppose 51*w - 117576 = -38526. What is the thousands digit of w?
1
Suppose 3*p + 2766 + 426 = 3*k, -2*k + 2142 = 5*p. What is the units digit of k?
6
Let g = 28 + -50. What is the tens digit of 4/g + 105/33 + 172?
7
Suppose 9 = -3*d - 54. Let j = d + 66. Suppose -j - 33 = -2*g. What is the tens digit of g?
3
Suppose 4*j - m = 6340 - 626, 3*j - 4285 = m. What is the units digit of j?
9
Let b = 5060 - 3044. Suppose -5*h + b = 4*h. What is the hundreds digit of h?
2
Let u(p) = 2*p**2 + 20*p + 35. Let k be u(-15). What is the units digit of 3/18 - k/(-6)?
1
Let c(m) = -m**3 - 5*m**2 - 6*m - 6. Let g be c(-4). Suppose 13 = 4*d - 3*q, 2*d = 2*q + g + 6. What is the units digit of (-12)/(-18)*(2 + d)?
2
Let y be (-465 - 0)/((-90)/(-60)). Let j = -2 + 15. What is the tens digit of (-20)/(-130) - y/j?
2
Let d = -1655 + 3641. What is the units digit of d?
6
Suppose -2*i - 4*l = -3718, -10*l - 5597 = -3*i - 6*l. What is the hundreds digit of i?
8
Let q = 556 + -425. What is the units digit of q?
1
Let v be (-2 + 1)/((-7)/182). Suppose 4*z - 6 = v. What is the units digit of (-33)/(-2)*z/6?
2
Suppose 2*f = b - 10 - 1, 0 = -5*f - 20. Suppose -6 = b*o - o. Let n = o - -40. What is the units digit of n?
7
Suppose -5*r = -4*a - 45, 3*a + 20 = -a. Suppose r*d - 510 = 15. What is the tens digit of d?
0
Let o(t) = -t + 4. Let r be o(-23). Let z = r - 1. What is the tens digit of z?
2
Let v(l) = 2*l + 16. Let p be v(-7). What is the units digit of 257/p - 2/(-4)?
9
Suppose 0 = 2*u - 2*c - 1 + 3, -2*c - 1 = -3*u. Let r(l) = 13*l + 10. Let t(z) = z + 1. Let g(a) = r(a) - 4*t(a). What is the tens digit of g(u)?
3
Let t = -1815 + 3496. What is the hundreds digit of t?
6
Suppose -16 - 33 = 5*l + 3*q, 23 = -l - 5*q. What is the tens digit of 23 - 1 - (l - -5)?
2
Suppose -6*v + 28 = -44. What is the tens digit of 1784/12 + (-8)/v?
4
Let j(q) = -7*q**2 + 22*q - 13. Let c(a) = 10*a**2 - 33*a + 19. Let i(z) = -5*c(z) - 7*j(z). Let h be i(9). Suppose -x = -h + 1. What is the units digit of x?
3
Suppose 5*y = -3*h - 3, h + 5*y = -2 - 9. Suppose -u = -2*m - 3*m + 60, h*u + 12 = m. What is the units digit of m?
2
Let p(w) = -2*w**3 - 25*w**2 + 11*w - 43. What is the tens digit of p(-15)?
1
Let l be (-1)/(-3) - 9/27. Suppose 5*x - 12 = -n, 3*x + l*x + 3 = 0. What is the units digit of n?
7
What is the tens digit of (-1 + (-15)/(-9))/((-53)/(-69642))?
7
Let n = 3470 + -2383. What is the tens digit of n?
8
Let f(n) = -148*n - 33. What is the hundreds digit of f(-5)?
7
Let f = -4 - -7. Suppose -f*a - 4 = -2*d - 35, 0 = -5*a + d + 54. What is the tens digit of a?
1
Let d be (-1)/(-3) - (-640)/(-12). Let t(z) = -12*z + 19. Let w be t(4). Let i = w - d. What is the tens digit of i?
2
Let z(q) = 2*q**2 + 6*q + 6. Suppose 0 = -5*d + 4 - 24. Let g be z(d). Let v = g + -9. What is the units digit of v?
5
Let r(z) = -z**2 - 9*z + 10. Let c be r(-7). Let d = c + -18. What is the units digit of d?
6
What is the hundreds digit of 39202/20 - (-12)/(-120)?
9
Suppose 5*d = 434 - 29. Let g = d - 46. What is the units digit of g?
5
Let l(f) = f**3 - 22*f**2 - 30*f - 53. What is the units digit of l(24)?
9
Let g(t) = -2*t**3 + 73*t**2 - 81*t - 3. What is the tens digit of g(34)?
2
Let g(f) = 5*f**2 + 3*f + 10. What is the hundreds digit of g(-11)?
5
Let w = 11 + -14. Let k be w + (2 - (2 + -5)). Suppose k*g - 14 = 72. What is the tens digit of g?
4
Suppose -v = 4*x - 33, -5*x + 5*v + 0*v + 10 = 0. Suppose 0 = -3*g - p + 73 - x, 5*g + 3*p = 110. What is the units digit of g?
2
Suppose -16*z + 35*z - 5168 = 0. What is the tens digit of z?
7
Let l be (-540)/40*(-2 + (-644)/6). What is the tens digit of 1/((-1)/4 + 381/l)?
2
Let l be -3 + 5 - (-8 + -2). Suppose z = 1, -i + l = i + 4*z. Suppose 0*s + s = -i*v - 8, 5*s = 2*v + 70. What is the units digit of s?
2
Suppose -o - 4*h + 18 = 0, -2*o + 2*h - 58 = -6*o. Let m(r) = r**3 - 15*r**2 + 18*r + 18. What is the tens digit of m(o)?
7
Suppose -3*s - 18 = -5*s. Let p = -52 - -49. What is the units digit of -1 + s*(-2 - p)?
8
Let c = -16 + 20. Suppose -4*p = -9*p - c*w + 14, 2*w - 2 = 0. What is the units digit of p?
2
Let v = 66 - -116. Let s = -84 + v. What is the units digit of s?
8
Suppose -6*j + j = -5. Let c(a) = -a**3 - 3*a + j + 0 - 2*a + 7*a**2. What is the units digit of c(5)?
6
Let m = 153 + -101. Let w = 21 + m. What is the tens digit of w?
7
Let l be ((-24)/15)/(3 - (-227)/(-75)). What is the tens digit of (-2)/(-6)*3*l?
6
Let p(h) = 5*h**3 + h**2 + 32*h + 27. What is the hundreds digit of p(6)?
3
What is the thousands digit of ((-71)/(-426))/(2/35124)?
2
Let y be -6 + (7 - 4) - -11. Suppose 0 = 11*s - y*s - 96. What is the tens digit of s?
3
Let y be 68/12 + 4/(-6). Let z be -5*y*(-10)/(-25). Let k = z - -18. What is the units digit of k?
8
Let u(y) = y**3 + 6*y**2 - y - 7. Let j be u(-6). Let s(d) = 4*d - 5. Let r be s(1). What is the units digit of 112/4 + j/r?
9
Suppose -3*b + 93 = 2*o, -2*b - o + 11 + 51 = 0. Suppose -v + b = 3*r, 2*v = 7*v - 5*r - 155. What is the tens digit of v?
3
Let w(z) = z**2 + 10*z + 19. Let m be w(-11). Suppose 0 = -s + m + 96. What is the hundreds digit of s?
1
Suppose 5*i = 4*i + 105. Let w = i + -103. What is the units digit of w?
2
Suppose -5*i = -4 - 36. Let u = i - 4. What is the units digit of 24 + (u/(-4) - 3)?
0
Let b = 126 + -81. Let n = 47 - b. What is the units digit of n?
2
Let m(a) = -a**2 + 49*a - 33. Let c be m(19). Let z = -364 + c. What is the hundreds digit of z?
1
Suppose 4*i + i = -55. Let w(p) = -2*p + 16. What is the tens digit of w(i)?
3
Let l be (-3)/(-2 - (-13)/7). Suppose c + 27 = 3*z + 1, z - 4 = 0. Let s = l + c. What is the units digit of s?
7
Let d = 1204 - 734. What is the units digit of d?
0
Let x(s) = 2*s + 47. Let r = 44 - 36. What is the tens digit of x(r)?
6
What is the tens digit of (-1483)/(-3) - (-5 - (-52)/12)?
9
Suppose m - 5 = -11. Let f be 8/(-2) + 6 - m. What is the units digit of (92/f)/(1/2)?
3
Let s = -1162 + 1691. What is the tens digit of s?
2
Let b(m) = 3*m**2 + 4*m - 67. What is the tens digit of b(8)?
5
Let z(v) = -v**3 - 2*v**2 + 8*v + 14. What is the tens dig